ose 204 = -12*l - 324. Let x = -45 - l. What is h(x)?
6
Suppose -3*q + 15 = 0, -14*y + 15*y + 2*q - 166 = 0. Let n(t) = -y*t + 89*t + 19 + 66*t. What is n(17)?
2
Let r(h) = -h**2 - 13*h - 8. Let w be r(-9). Let a be -6 + w + 2*1. Suppose a = -u + 5*u. Let t(d) = -d**2 + 6*d - 2. Give t(u).
-2
Suppose s - 107 + 142 = 4*a, 0 = 4*s - 5*a + 74. Let q(p) = 4*p + 4. What is q(s)?
-40
Suppose -g = 8 - 10. Suppose 2*p + g - 8 = 0. Suppose -5*o = -p*w + 12, 3*o + 4*w + 6 = 22. Let d(b) = b + 16. Calculate d(o).
16
Let q(i) = i - 16. Let g(l) = -9 - 13 + 26 - 3. Let p(h) = -6*g(h) - 2*q(h). Give p(12).
2
Let x(d) = -6*d - 15. Let m(z) = 17 + 20 + 3*z + 7*z - 14. Let v(y) = 5*m(y) + 8*x(y). Let k(t) = -t**3 - 8*t**2 - 2*t - 11. Let n be k(-8). Determine v(n).
5
Let i(z) be the third derivative of z**5/60 + z**4/24 + z**3/6 + 1511*z**2 + 2. Give i(4).
21
Let j(q) be the third derivative of -q**5/60 - 11*q**4/24 + 3*q**3/2 - 643*q**2. Calculate j(-12).
-3
Let q = -19 + 25. Let y(z) = -z**2 + 2*z + 4*z + q*z - 8*z. Suppose -2*k = 2*u - 4, -19*u + 21*u = 3*k - 21. Determine y(u).
-21
Let l(m) = -13 - 8 - 7 + 13*m**2 + m - 10*m**3 + 9*m**3 + 10. Give l(13).
-5
Suppose 4 = -35*h + 39*h. Let q(a) = -h + 0*a**3 - a**3 - 7 + 6 - a**2. Let x be (-12 - -16)*2/(-4). Determine q(x).
2
Suppose d - 26 = -26*u + 23*u, 4*u + 2*d = 34. Let q(s) = -2*s + 10. What is q(u)?
-8
Let o(y) = y**3 + 5*y**2 - 7 + 3*y**2 - 9*y - y**2 - y**2. Suppose 0 = -b + 4*h - 19, -2*b + 34*h = 38*h + 2. Calculate o(b).
7
Let p be -5 - ((-8)/(-24) + (-95)/15). Let k(i) = -2*i**2 - p + 5*i**2 + 2*i + 2*i**2 - 6*i**2 + 4*i**2. What is k(-2)?
7
Let z be 5 + 0 + -1 + -2. Let h be -2 + z - (-5)/1. Let n(s) be the second derivative of s**4/12 - s**3/3 + 7*s**2/2 - 28*s + 15. Determine n(h).
22
Let u(v) = -7*v + 42370*v**2 + 42369*v**2 - 84747*v**2 - 7. Give u(-3).
-58
Let g(k) = k**3 + 4*k**2 - 6*k - 13. Suppose -2*p - 34*b + 35*b = 5, p - 5*b = 20. Calculate g(p).
-8
Suppose -2*q - 25 = 3*q. Let k(b) = -4*b**3 - 50*b**2 - 45*b - 3. Let n(t) = -t**3 - 12*t**2 - 11*t - 1. Let a(i) = 3*k(i) - 13*n(i). What is a(q)?
-11
Let i(l) = -62*l - 2. Let y = -4625 - -4624. What is i(y)?
60
Let q = 69 + 54. Let i(x) = 2*x + 5 - q*x**2 + 70*x**2 + 48*x**2 - x**3. Calculate i(-6).
29
Let r(y) = -15*y**3 + 3*y**2 + 7*y + 5. Let c be r(-1). Let o be 5/2 - (-4)/(c/6). Let b(p) = -p**3 + 5*p**2 - 4*p - 1. What is b(o)?
-1
Let f(d) = 2*d - 11. Let p be f(8). Suppose p*x = 9 + 21. Let z(g) be the third derivative of g**6/120 - g**5/10 + g**4/8 - 4*g**3/3 - 782*g**2. Calculate z(x).
10
Let d(r) = -r**3 - 8*r**2 - 8*r + 2. Let k be 10/15*(0 - 12). Let f be 2 - 2 - -8 - 72/18. Let a be (-3 + k + f)/1. Give d(a).
9
Let k(a) = -a**3 + 4*a - 5. Let f(y) = 11 + 8 + 43*y + 15 + 11. Let q be f(-1). Give k(q).
-5
Let q(y) = -23*y + 0*y**2 + 28*y + y**2. Suppose -2*w = p - 33 + 13, 3*p + 4*w - 50 = 0. Let s(g) = g - 15. Let h be s(p). Calculate q(h).
0
Let a(l) be the first derivative of l**4/4 + l**3 - 2*l**2 - 10*l - 2617. Calculate a(-2).
2
Let k(s) = -2*s + 19. Let g be 2 + (72/14 - 8/56). What is k(g)?
5
Let h(f) = -f**2 + 8*f - 3. Let a be -1*4 + (14 - 2)/(-12). Let u be (-4 - a)/(4/24). Determine h(u).
9
Let n(z) = -z**2 - 9*z - 2. Let a be n(-9). Let d be a/(3 - 4)*1. Let h(b) = -b**3 + 1 - 14*b**2 + 6*b**d + 4*b**2 - b. Determine h(-4).
5
Let s(r) = 9*r**2 - 64*r + 1. Let t(g) = 8*g**2 - 52*g + 1. Let l(c) = -5*s(c) + 6*t(c). Calculate l(4).
81
Let f(s) be the first derivative of 1/2*s**2 + 6 - s. Give f(-8).
-9
Let y(z) = -13*z - 13*z - z**2 + 30*z. Let l(n) = n**2 - 14*n + 3. Let r be l(14). What is y(r)?
3
Let d(b) = -44*b - 14. Let s(f) = -34*f - 8. Let h(m) = -2*d(m) + 3*s(m). Calculate h(-2).
32
Let f(s) = -s**3 + 33*s**2 - 63*s + 30. Let q be ((-124)/(-6))/(760/(-285))*-4. What is f(q)?
-1
Let c(q) = -q**3 + 3*q**2 - q + 2. Suppose x + 5*w = -x + 99, 5*w + 149 = 2*x. Let n = 66 - x. Give c(n).
-18
Let i(q) be the third derivative of 0*q**4 + 0 + 1/2*q**3 + 0*q - 1/30*q**5 - 195*q**2. Give i(3).
-15
Let m(z) be the third derivative of z**5/60 + 13*z**4/24 + 13*z**3/3 - 96*z**2. Calculate m(-3).
-4
Let a(h) = 6*h**2 - 3*h + 1. Let b be a(1). Suppose 5*y - 97 = b*y. Let z = 95 - y. Let m(f) = -2*f**3 + 2*f**2 + 2*f + 3. Give m(z).
23
Let o(z) = -3*z + 10. Let g(h) = -h**2 - 5*h + 22. Let v be g(-7). Let a(d) = 7*d - 28. Let s(x) = v*o(x) + 3*a(x). What is s(-3)?
5
Let d be 15*1*(-7 + 8). Suppose -3*j - 2*j = -5*t - 25, -3*j = t - d. Let u(m) = 2*m - 9. Give u(j).
1
Let d(w) be the second derivative of -11/2*w**2 + 8*w + 0 + 1/3*w**3. Suppose 5*z = 5*j + 40, -5*z + j + 50 = 6*j. Determine d(z).
7
Suppose -13*q + 32 = -20. Suppose 2*s - 2 = q*s. Let z(j) = -14*j + 1. What is z(s)?
15
Let v(f) = f**3 - 10*f**2 + 7. Let p(x) = x**2 + 4*x + 15. Let s be p(-5). Let b be (-4)/(-3 - 5)*s. What is v(b)?
7
Let q(s) = -30*s**2 + 48*s - 93. Let r(h) = -17*h**2 + 24*h - 48. Let k(i) = -4*q(i) + 7*r(i). Determine k(22).
-8
Let f(s) = 13*s**2 + 6*s + 2. Let y(a) = 3*a**2 - a - 5. Let o(p) = -f(p) + 4*y(p). Calculate o(-7).
-1
Let d(y) = y**3 + y**2 + y. Let a = -97 - -79. Let b = 17 + a. Let v be d(b). Let h(m) = -4*m + 1. Give h(v).
5
Let p = -364 + 116. Let s = p + 242. Let f(z) = z**2 + 2. What is f(s)?
38
Let h = -632 - -632. Let f(n) = n - n**2 - 3*n + h*n - 34 + 18 + 21. Give f(-3).
2
Let k(o) = -7*o**2 + 4*o - 3. Let n be -11*3/66 - (-10)/4. What is k(n)?
-23
Let h = 8 + -3. Let c(x) = x**3 + 5*x**2 + 5*x + 2. Let d be c(-3). Let o(i) = -h*i**2 + 6 - 4*i - d + 5*i + i**2. What is o(-1)?
-4
Let a = 2807 + -2803. Let p = 18 + -12. Let d(g) = 4*g**2 - g**3 - 2 + p*g - 6*g. Give d(a).
-2
Suppose 69*t = 58*t + 22. Let v(b) = -68*b**2 - b - 2*b**t + 69*b**2. What is v(3)?
-12
Suppose -16 = 2*h - 4*h. Suppose f - u = -f + h, 4*f - 8 = 4*u. Let y(b) = 7 + b**3 + 3*b**2 - f*b + 6*b**2 - 14*b**2. Determine y(6).
7
Suppose 4*c - 7 = y - 8, -y = -3*c + 1. Let b(z) = 2*z - 11. Let q(i) = -i - 3 + 2 + 12. Let d(t) = -2*b(t) - 3*q(t). Give d(y).
-4
Let o(p) be the second derivative of 6*p**4 - p**3/6 - p**2/2 - 2479*p. Give o(-1).
72
Suppose -3*w - 7*h + 30 = -5*h, 66 = 3*w - 4*h. Let n(c) = c**2 - 14*c - 6. Calculate n(w).
-6
Let j(v) = 11*v**3 - 21*v**2 + 8*v - 23. Let y(r) = 5*r**3 - 10*r**2 + 4*r - 11. Let a(n) = 4*j(n) - 9*y(n). Let w = 4182 - 4177. Calculate a(w).
12
Suppose -4*z = -3 + 11. Let h(p) = -5*p**3 + 7*p**2 - 2*p. Let g(d) = 9*d**3 - 12*d**2 + 4*d. Let t(i) = -4*g(i) - 7*h(i). Calculate t(z).
8
Let w(s) be the first derivative of -5*s**2 - 19*s + 5827. Give w(-6).
41
Let i(u) = -10*u + 22. Suppose -88*z - 77*z = -797 - 358. What is i(z)?
-48
Let m(h) = 5*h + 27. Suppose 0 = 4*j - 3*u - 59, -u = -j + 15 - 0. Suppose 4*v - 2*s + j = -0, 4*v + 4 = 4*s. Give m(v).
-3
Let i(h) be the third derivative of 1/12*h**4 - 82*h**2 + 0*h + 0 + 11/6*h**3. Give i(-7).
-3
Let w(u) = -u**3 - 19*u**2 - 34*u + 6. Let l = -583 - -211. Let s = l + 355. Calculate w(s).
6
Let q be (-4295)/(6/(-3)*1/2). Let l(y) = 4297 + 6*y - 2*y - q. Determine l(-3).
-10
Let m(n) = n**3 - 5*n**2 + 2*n - 11. Let r = 1653 + -1648. Give m(r).
-1
Let i(y) = -y**2 - 3*y - 2. Let t = 479 - 479. Suppose -18*b + 34*b + 32 = t. What is i(b)?
0
Let t = -17 + 79. Suppose -t*q = -66*q - 60. Let p(a) = -a**3 - 15*a**2 - a - 12. Calculate p(q).
3
Let b be (-5 + 1)/(-4) - 8. Let z(x) = 12*x + 12. Let h be z(b). Let y = h - -70. Let t(a) = 5*a + 2. Calculate t(y).
-8
Let h be -2*(-4)/((-16)/(-6)). Let l(y) = 904 - 459 + 5*y - 2*y**2 - 449. Determine l(h).
-7
Let c(g) = -5*g**2 + 10*g + 46. Let k be c(4). Let w(l) = -l**3 + 6*l**2 + 5*l - 8. Determine w(k).
22
Let f(i) be the first derivative of 3*i**2 - 19*i + 1. Suppose -8*p - 6*p - 126 = 7*p - 189. Calculate f(p).
-1
Let t = -18 - -12. Let s(z) = -z**2 - 5*z + 12. Let v be s(t). Let h(x) = -3*x + 10*x - 6*x - v. Give h(6).
0
Let q(r) be the first derivative of -2*r**3/3 + 3*r**2 - 9*r + 96. Let c be q(2). Let m(o) = o - 2. Give m(c).
-7
Let r(g) be the first derivative of 13*g**2/2 - 150*g - 2825. Determine r(11).
-7
Let k(z) be the third derivative of z**6/60 + z**5/10 + z**4/6 + 5*z**3/3 + 1168*z**2. Give k(-4).
-38
Let n(p) be the third derivative of p**5/60 + p**4/4 + p**3/2 + p**2. Let o(u) = 38*u + 36*u - 106*u + 36*